967, 4657
What are the prime factors of 516135533?
29, 37, 481021
What are the prime factors of 610925268?
2, 3, 1889, 26951
List the prime factors of 92921646.
2, 3, 2063, 7507
List the prime factors of 789063450.
2, 3, 5, 7, 41, 18329
List the prime factors of 3178039.
53, 61, 983
List the prime factors of 1689625500.
2, 3, 5, 509, 2213
List the prime factors of 3822684583.
17, 617, 364447
List the prime factors of 16980422.
2, 317, 26783
What are the prime factors of 20930758?
2, 10465379
List the prime factors of 636831397.
2237, 284681
List the prime factors of 1468745197.
5503, 266899
What are the prime factors of 3855398066?
2, 13, 148284541
What are the prime factors of 209905504?
2, 6559547
What are the prime factors of 2003018430?
2, 3, 5, 7, 307, 31069
What are the prime factors of 7912643?
101, 157, 499
What are the prime factors of 1108753590?
2, 3, 5, 7, 337, 15667
List the prime factors of 1789785141.
3, 29, 20572243
List the prime factors of 179258079.
3, 7, 11, 13, 59693
What are the prime factors of 64523905?
5, 19, 419, 1621
What are the prime factors of 294993157?
294993157
What are the prime factors of 2087190624?
2, 3, 21741569
What are the prime factors of 94993641?
3, 31, 37831
List the prime factors of 2052481222.
2, 11, 23, 4056287
List the prime factors of 2912149083.
3, 31, 439, 71329
List the prime factors of 175734841.
175734841
List the prime factors of 1561669034.
2, 780834517
What are the prime factors of 158930932?
2, 139, 197, 1451
What are the prime factors of 5514940029?
3, 17, 4703, 22993
What are the prime factors of 88089207?
3, 29363069
List the prime factors of 26582379.
3, 8860793
List the prime factors of 56142996.
2, 3, 7, 13, 51413
What are the prime factors of 543140476?
2, 1609, 84391
What are the prime factors of 1635780435?
3, 5, 1637, 66617
What are the prime factors of 3187625204?
2, 796906301
What are the prime factors of 12795686?
2, 6397843
What are the prime factors of 53522704?
2, 3345169
List the prime factors of 15983517.
3, 11, 79, 6131
List the prime factors of 7239204.
2, 3, 7, 23, 1249
List the prime factors of 104430611.
109, 167, 5737
List the prime factors of 141241202.
2, 17, 1723, 2411
List the prime factors of 2418557024.
2, 13, 521, 11159
What are the prime factors of 31342604?
2, 7835651
What are the prime factors of 856257282?
2, 3, 47569849
What are the prime factors of 2253898749?
3, 577, 1302079
What are the prime factors of 5256682169?
5256682169
List the prime factors of 342814766.
2, 7, 911, 26879
What are the prime factors of 1119031708?
2, 197, 1420091
List the prime factors of 423548622.
2, 3, 7, 1120499
List the prime factors of 112677539.
13, 51287
List the prime factors of 445475125.
5, 3563801
List the prime factors of 2814750052.
2, 59, 11926907
What are the prime factors of 62708428?
2, 15677107
List the prime factors of 667749065.
5, 133549813
List the prime factors of 690400907.
7, 31, 47, 139, 487
What are the prime factors of 197296429?
11, 1630549
List the prime factors of 29561669.
809, 36541
List the prime factors of 485961493.
14593, 33301
What are the prime factors of 13570094?
2, 6785047
What are the prime factors of 4284042168?
2, 3, 7, 29, 125617
List the prime factors of 345507433.
345507433
List the prime factors of 65146444.
2, 11, 1480601
List the prime factors of 2036683677.
3, 7, 61, 227131
List the prime factors of 672472876.
2, 17, 9889307
What are the prime factors of 1839447396?
2, 3, 17, 3005633
What are the prime factors of 65156615?
5, 101, 129023
List the prime factors of 11387285.
5, 7, 13, 29, 863
List the prime factors of 914958234.
2, 3, 131, 129341
What are the prime factors of 48770345?
5, 13, 750313
List the prime factors of 2340224824.
2, 7, 4049, 10321
List the prime factors of 248666007.
3, 82888669
What are the prime factors of 12682971?
3, 7, 37, 5441
List the prime factors of 137287566.
2, 3, 13, 29, 20231
List the prime factors of 80399470.
2, 5, 8039947
What are the prime factors of 235794517?
7, 4812133
List the prime factors of 883809877.
4903, 180259
List the prime factors of 1689938490.
2, 3, 5, 56331283
List the prime factors of 2092126859.
43, 1131491
List the prime factors of 90128225.
5, 11, 327739
What are the prime factors of 39327509?
13, 29, 73, 1429
List the prime factors of 33215731.
337, 98563
List the prime factors of 5021578261.
7, 103, 994963
List the prime factors of 93007559.
83, 1120573
What are the prime factors of 192202529?
192202529
What are the prime factors of 2937311395?
5, 23417, 25087
What are the prime factors of 1586014125?
3, 5, 1523, 2777
What are the prime factors of 59665994?
2, 29832997
What are the prime factors of 57062884?
2, 89, 1801
List the prime factors of 107311060.
2, 5, 5365553
What are the prime factors of 24869326?
2, 59, 419, 503
What are the prime factors of 168107756?
2, 59, 712321
What are the prime factors of 36388797?
3, 37, 327827
What are the prime factors of 204212272?
2, 11, 1160297
What are the prime factors of 136050181?
131, 977, 1063
List the prime factors of 4897017840.
2, 3, 5, 11, 13, 97, 1471
List the prime factors of 282779898.
2, 3, 163, 289141
What are the prime factors of 400816126?
2, 9419, 21277
What are the prime factors of 84122352?
2, 3, 584183
What are the prime factors of 3422077252?
2, 11, 1061, 73303
What are the prime factors of 365468066?
2, 59, 3097187
List the prime factors of 3853679750.
2, 5, 19, 31, 26171
List the prime factors of 489334385.
5, 41, 83, 28759
List the prime factors of 2144350837.
73, 29374669
What are the prime factors of 254777774?
2, 127388887
List the prime factors of 1493122937.
17, 87830761
List the prime factors of 128426822.
2, 89, 721499
List the prime factors of 349417916.
2, 89, 107, 9173
What are the prime factors of 38766509?
38766509
What are the prime factors of 327187396?
2, 29, 443, 6367
List the prime factors of 50987847.
3, 1033, 16453
What are the prime factors of 1107996036?
2, 3, 7, 1884347
List the prime factors of 637066029.
3, 19, 23, 137, 3547
What are the prime factors of 282532243?
7, 40361749
What are the prime factors of 614749442?
2, 307374721
List the prime factors of 168242227.
168242227
List the prime factors of 104254853.
149, 699697
List the prime factors of 1540061.
71, 109, 199
What are the prime factors of 449763201?
3, 101, 494789
List the prime factors of 45207491.
7, 29, 43, 5179
What are the prime factors of 587285637?
3, 11681, 16759
List the prime factors of 25969641.
3, 8656547
What are the prime factors of 2155261855?
5, 73, 5904827
What are the prime factors of 61225582?
2, 11, 2782981
List the prime factors of 1018788546.
2, 3, 17, 139, 181, 397
What are the prime factors of 666255671?
59, 419, 26951
What are the prime factors of 4910533?
1931, 2543
What are the prime factors of 3107286?
2, 3, 7, 13, 271
List the prime factors of 46734277.
46734277
What are the prime factors of 157328006?
2, 11, 7151273
What are the prime factors of 1740001071?
3, 6373, 91009
List the prime factors of 2611107572.
2, 5399, 120907
List the prime factors of 95383925.
5, 7, 13, 41927
List the prime factors of 683373984.
2, 3, 47, 311, 487
What are the prime factors of 1196903965?
5, 239380793
What are the prime factors of 167930713?
167930713
What are the prime factors of 1223303895?
3, 5, 11, 2471321
What are the prime factors of 249660187?
7, 751, 47491
List the prime factors of 26561227.
7, 11, 37, 9323
List the prime factors of 2776412083.
2776412083
What are the prime factors of 247932956?
2, 127, 488057
What are the prime factors of 905818126?
2, 239, 1895017
List the prime factors of 85420924.
2, 21355231
What are the prime factors of 2169412850?
2, 5, 11, 3944387
List the prime factors of 227155976.
2, 3109, 9133
List the prime factors of 196155040.
2, 5, 23, 151, 353
What are the prime factors of 677239743?
3, 19, 2113, 5623
What are the prime factors of 384215007?
3, 11, 11642879
List the prime factors of 278192402.
2, 139096201
List the prime factors of 375008153.
13, 28846781
List the prime factors of 1825851707.
1825851707
What are the prime factors of 15999157?
863, 18539
What are the prime factors of 1015575384?
2, 3, 19, 83, 26833
List the prime factors of 555582774.
2,